of a?
3, 17
Let p(w) = w**3 - 4*w**2 - w + 14. Let b be 133/21 + 3/(-9). What are the prime factors of p(b)?
2, 5
Suppose 0 = 2*o - g - 1299, -4*o + 2438 + 155 = -3*g. What are the prime factors of o?
2, 163
Let v(w) = 0 + 1 + 0 + 2*w + 0. Let m be 60/3*2/4. List the prime factors of v(m).
3, 7
Let t(y) = -3 - 4*y + 3*y**2 + 6*y**3 - 5*y - 3. Let j(m) = -7*m**3 - 4*m**2 + 10*m + 7. Let s(u) = -5*j(u) - 6*t(u). What are the prime factors of s(-3)?
2, 17
Suppose 0 = 2*b + 5*z - 526, 5*b - 2*z - 1727 + 383 = 0. What are the prime factors of b?
2, 67
Let k(n) = n**2 + 10*n + 60. What are the prime factors of k(19)?
13, 47
Let o = 388 - 21. Suppose o + 641 = 7*t. List the prime factors of t.
2, 3
Let o = 81 + 365. What are the prime factors of o?
2, 223
Let p = -20 + 25. Suppose p*i - 96 = -3*i. List the prime factors of i.
2, 3
Let a = 113 - -61. Let c = 46 - 49. List the prime factors of a/(4 + -1) + c.
5, 11
Let k be 1/4 + 426/24. Suppose -f + 0*f = -4*c + 1, -2*f - 2*c + 8 = 0. Suppose 33 + k = f*u. List the prime factors of u.
17
Suppose 5 = z, -2*z + z = -o - 227. Let i be (1 - -2)*-3*o. What are the prime factors of i/63 - (-2)/7?
2
Suppose -25 = 5*c - 0*c. List the prime factors of 3 + c/5 + 78.
2, 5
Suppose -4*y + 2192 = 3*b, b - 724 = -0*b - 3*y. Suppose -4*c = -0*c - b. Suppose 6*s - c = 2*s. What are the prime factors of s?
2, 23
Let m = 199 - 7. What are the prime factors of m?
2, 3
Let c = -10 + 21. Let g(l) = -c*l**2 - l**3 + 15*l**2 - 9*l**2. List the prime factors of g(-6).
2, 3
Let h(u) = -11*u - 6. Let d be h(4). What are the prime factors of ((-30)/d)/((-1)/(-95))?
3, 19
Let o be (3/12)/(2/16) - 33. Let c = 51 + o. What are the prime factors of c?
2, 5
Let m(w) be the first derivative of w**4/4 + 8*w**3/3 + 3*w**2/2 - 9*w + 375. Let f = -5 + -1. List the prime factors of m(f).
3, 5
Suppose r = 0, 4*r + 1956 - 504 = 4*w. What are the prime factors of w?
3, 11
Suppose -2*c - 4*p = -12, 2*p - 13 + 3 = -3*c. Suppose c*v = 19 + 5. Suppose -t - t = -v. List the prime factors of t.
2, 3
Let k(f) = -19 + 5*f - 15 + 67 - 25. Suppose 0 = -7*z + 2*z + 35. List the prime factors of k(z).
43
Suppose 20*g = 14*g + 24. Suppose g*m - 179 + 3 = 0. List the prime factors of m.
2, 11
Let l be 1/(((-35)/10)/(-7)). Suppose -l*z = 3*h - 91, -z - z + 67 = -5*h. List the prime factors of z.
41
Suppose -8 = -q - 0*b + b, 5*q - 64 = -b. List the prime factors of q.
2, 3
Let x(c) = -14*c**3 + c**2 - 12*c - 10. List the prime factors of x(-5).
5, 73
Suppose -2*m = 4*l + l + 924, -9 = -3*m. Let k = -119 - l. List the prime factors of k.
67
Suppose 11*q - 27605 - 10928 = 0. List the prime factors of q.
31, 113
Suppose 3*p + 3*r = 4 + 80, 2*r + 13 = p. What are the prime factors of 1/(2/(-1 + p))?
11
Suppose -2*u + k + 1214 = 0, 5*u - 3*k + 1104 - 4140 = 0. List the prime factors of u.
2, 3, 101
Let c(n) = 2*n**3 - 16*n**2 + 5*n - 4. Let l be c(9). List the prime factors of -51*l/(-63) - (-2)/3.
3, 5, 11
Let p(u) = -u**3 - 12*u**2 + 15*u + 14. Let q(r) = r**3 + 12*r**2 - 15*r - 13. Let o(t) = -6*p(t) - 7*q(t). What are the prime factors of o(-14)?
3, 7
Let v(f) be the first derivative of f**4/4 - 25*f**3/3 - 21*f**2/2 + 3*f + 30. List the prime factors of v(26).
7, 19
Let y(w) = 5*w**2 - 205*w - 34. What are the prime factors of y(-19)?
2, 2833
Let s(g) = -8*g. Let h be s(-4). Suppose -156 = -2*o - h. What are the prime factors of o?
2, 31
Suppose n + z + 0*z = 8, -4*n + 23 = z. List the prime factors of (40/25)/4 + 608/n.
2, 61
Let v(y) = -2*y + 4. Let r be v(-4). Let i be 40/r - 2/6. Let d(s) = s**2 - s - 4. List the prime factors of d(i).
2
Suppose 72*z - 2 = 71*z. What are the prime factors of (z/6)/((-5)/(-120))?
2
Suppose 12*y - 21268 = -y. What are the prime factors of y?
2, 409
Let n be (-10)/(-4)*(-11 + 13). Suppose 5*v = 4*a - 28, -35 = -5*a + n*v - 5. Suppose 0 = a*s - 4*s + 60. List the prime factors of s.
2, 3, 5
Suppose -53*m + 52280 = 19738. What are the prime factors of m?
2, 307
List the prime factors of (118 + -5)/((-2)/(-12)).
2, 3, 113
Let u(x) = x**2 - x - 2. Let a = 28 - 30. Let p be u(a). List the prime factors of (28 - 3)/(-3 + p).
5
Suppose 0 = 2*d - m - 11, 3*d + 3*m - 4 - 26 = 0. Suppose 0 = 12*n - d*n - 120. List the prime factors of n.
2, 3
List the prime factors of 6/(-5)*(-99260)/56.
3, 709
Let p(z) = z**2 - 2*z + 62. Let l = 33 + -33. List the prime factors of p(l).
2, 31
Let u be 7/3 + 12/18. Suppose -8 = -u*h + 19. List the prime factors of h.
3
Suppose 5*c = -p - 225, -5*c + 2*c + 3*p - 135 = 0. Let f be (-1)/(-4) + c/(-12). Suppose -7 - 49 = -f*v. What are the prime factors of v?
2, 7
Let n(r) = -r**3 - 6*r**2 - 10*r + 9. Let v be n(-6). Let y = 201 - v. What are the prime factors of y?
2, 3, 11
Suppose -9*b = -5*b + 4*u - 21088, -u + 5 = 0. What are the prime factors of b?
23, 229
Let j(o) = -762*o + 2. List the prime factors of j(-5).
2, 953
Suppose -4*t + 360 = -2*n, 2*n + 2*n - 16 = 0. Let j be (3 + -1)*12/16*2. Suppose j*p = t + 43. List the prime factors of p.
3, 5
Suppose -73*o + 66*o = -11193. What are the prime factors of o?
3, 13, 41
Let u(f) = -f**3 + 3*f**2 + 4*f - 2. Let b = 13 - 10. List the prime factors of u(b).
2, 5
List the prime factors of 1780 + ((-48)/36)/(8/(-18)).
1783
Suppose 5*z + s = 5185, -20*z + 24*z - 5*s - 4148 = 0. List the prime factors of z.
17, 61
Let i(k) = 23*k - 31. What are the prime factors of i(16)?
337
Let g = -10 - -15. Let c = g - 3. Suppose -3*z - c*x + 18 = -z, 2*x = 4*z - 48. List the prime factors of z.
11
Let l(z) = -426*z + 111. What are the prime factors of l(-9)?
3, 5, 263
Let v(p) = -2*p**2 - 3*p + 2. Let f be v(-3). Let o be 4/(-7) + (-39)/f. Let r = o + 5. What are the prime factors of r?
2, 5
Let i be (-7 + -3 + 6)*-37. Suppose -h = -5*n + 2*h + i, -5*n = -h - 156. Suppose n = 5*t - t. What are the prime factors of t?
2
Let f be (-3*1)/(15/340). Let b = f + 213. List the prime factors of b.
5, 29
Let y(b) = 9*b**2 - 115*b + 77. List the prime factors of y(34).
6571
Let l = 1030 + -183. What are the prime factors of l?
7, 11
Let q = -6043 + 9388. Suppose 13*a - q = -537. What are the prime factors of a?
2, 3
Suppose -m - 20 = 7. List the prime factors of 3477/27 - 6/m.
3, 43
Suppose 2*r + r + 5*j = -4, -4*r - j + 23 = 0. Suppose 5*z + 136 = 2*p, -5*p + r*z = 2*z - 355. List the prime factors of p.
73
Let b(v) be the second derivative of v**4/8 + 4*v**3/3 + 5*v**2/2 + 4*v. Let j(x) be the first derivative of b(x). List the prime factors of j(6).
2, 13
Suppose -266 - 54 = -8*b. Suppose 4*y = -2*c + b, 4*c - 15 = -y + 9. List the prime factors of y.
2
Let v be 0*(3 + -1)/(-4). Suppose v = -3*s + 4 + 2. List the prime factors of (23/s)/((-6)/(-12)).
23
Let j be -1*8/(12/3). List the prime factors of (j/(-4))/((-2)/(-332)).
83
Let h = 34 + -27. Suppose 46 = g - h. List the prime factors of g.
53
Let o = -26 + 23. What are the prime factors of -3*o/(-3) - -42?
3, 13
Suppose -3*m + r = -23 - 3, 2*r = -5*m + 25. Let z(n) be the first derivative of n**3/3 - 5*n**2/2 + 2*n + 1. List the prime factors of z(m).
2
Suppose -3*q + 8 = -4. Suppose -q*s = 2*s - 1830. Suppose -13*c = -18*c + s. List the prime factors of c.
61
Let y(g) = 3*g**2 - 6*g + 32. Let t be y(-11). Suppose 0 = -3*s + t + 28. List the prime factors of s.
163
Let y be -9*(15/(-9))/5. Let r be (6/y)/(-2) + 42. Let j = r + 8. List the prime factors of j.
7
Let i be (-3)/(((-2)/5)/(12/(-10))). List the prime factors of (2 - -1)/(i/(-183)).
61
Let u(a) = a + 18. Let f = -13 - 13. Let m = f + 18. What are the prime factors of u(m)?
2, 5
Let k(u) = -37*u**3 - 2*u**2 - 3*u - 7. List the prime factors of k(-2).
7, 41
Let b be 1/((-44)/(-20) + -2). Suppose -4*m = -b*m - 3, 0 = 3*k - 2*m - 6. Suppose 4*t - 20 = 0, k = -2*v - 4*t + 2*t + 44. List the prime factors of v.
17
Let n(t) = -12*t - 5. Let o(m) = 11*m + 4. Let l(a) = 5*n(a) + 6*o(a). Let b be l(-9). Let k = -19 - b. What are the prime factors of k?
2, 3
Let g(w) = 4*w + 3. Let q be g(-3). Let j be 5 + (-3 - (4 + q)). Suppose -j*z + 240 = -2*z. What are the prime factors of z?
2, 3
Let u(q) = q**2 - 15*q - 12. Suppose z + 4*z = 80. Let j be u(z). Suppose 0 = -s - 3, -s + 19 = -j*r + 70. List the prime factors of r.
2, 3
Let z = -12 + 15. List the prime factors of 3